 -3*k - 10. Let j(q) = -q**3 - 1. Determine j(k).
7
Let k(t) = -3*t**3 + t**2 + 2*t + 1. Suppose 3*j - 5*f = 1, -5*f + 1 = -j - j. Give k(j).
-15
Suppose 0 = -7*r + 4*r + 18. Let j = -1 + r. Let l = j + -6. Let m(w) = -7*w**3 - 1. Give m(l).
6
Let b be 2/9 + (-48)/(-27). Let z(m) = -b - 2*m**2 - 1 + m**2 + m. Let t be (-6)/(-21) - (-2)/(-7). Determine z(t).
-3
Let w(n) = -n**3 - 6*n**2 - n - 8. Let p = -4 + -2. Give w(p).
-2
Let d(y) = 4*y**2 + 8*y**2 + 15*y**3 - 1 - 11*y**2. Determine d(1).
15
Let t(v) = 4*v + 1. Let k = -3 + 5. What is t(k)?
9
Let g(z) = z**2 + 7*z - 1. Let b be 42/(-9)*(3/(-2) - -3). Determine g(b).
-1
Let q(z) = -z**3 + 5*z**2 + z - 4. Let w be q(5). Suppose -21 = -4*p - w. Let o(r) = 0 + 43*r**2 + 7*r - 2 + r**3 - 49*r**2 - 2. Calculate o(p).
6
Let s(r) = -r**2 + 7*r - 3. Let p = 2 - -3. Calculate s(p).
7
Let h(i) = 3*i - 7 - 123*i**2 + 122*i**2 + 3*i. What is h(6)?
-7
Let p(f) be the first derivative of f**5/120 - f**4/4 - 4*f**3/3 + 4. Let q(d) be the third derivative of p(d). Let w be 6/(-15) + (-54)/(-10). What is q(w)?
-1
Let i(v) = -3*v - 4. Let r = 22 - 26. Determine i(r).
8
Let v(f) = f. Let l(d) = -7*d**2 + 9*d + 1. Let k(q) = -3*q**2 + 4*q. Let o(s) = 5*k(s) - 2*l(s). Let p be o(3). Calculate v(p).
-5
Let s(u) = -2 - u**3 - 5 + 7 - 4 + 4*u**2. Give s(3).
5
Suppose 3*n - 101 = 5*k, -99 = 4*k + n - 25. Let m = -22 - k. Let s(c) = -c**2 - c - 3. Give s(m).
-9
Let c(y) be the first derivative of -y**3/3 + 3*y**2/2 - 3*y + 19. Suppose 0 = 5*u - 0*u - 10. Determine c(u).
-1
Let b(l) = -l**3 + 4*l**2 + 4*l + 3. Let h be (-16)/(-24) + 4/(-6). Suppose h = -2*u + 4*t + 2, 2*t + 2 = 2*u - 4. Determine b(u).
-2
Let b(t) = 10*t - t - t. Give b(2).
16
Let v(f) = -f - 3. Let s = 2 - 4. Let l be s + -2 + (-2)/(-1). Determine v(l).
-1
Suppose 0*f + 3*f = 3. Let r(l) be the first derivative of l**4/4 + l**3/3 + l + 1. Let o(c) = -5*c**3 + 5*c**2 + 2. Let m(a) = o(a) - 3*r(a). Calculate m(f).
-7
Let b be 6/4 - (-12)/8. Let r(t) = t - b*t - 4*t + 4*t + 4. Calculate r(3).
-2
Let m(b) be the second derivative of b**3/6 + b**2/2 + 6*b. What is m(-2)?
-1
Let x = -10 + 4. Let n be ((-4)/x)/(3/9). Let s(k) = -1 + 3*k + 1 - 2. Calculate s(n).
4
Let o(i) = -9*i - 4. Suppose 4*b - 24 = 8*b. Let z(v) = -4*v - 2. Let f(g) = b*o(g) + 13*z(g). Determine f(2).
2
Let m(x) = x**3 + 7*x**2 + 6*x - 7. Suppose 0 = 31*g - 36*g - 30. Give m(g).
-7
Let q(h) = h**2 - 16*h + 3. Let c be q(11). Let x be (-4)/(-14) + c/(-14). Let a(d) = 1 - 2 - x*d**2 + 5*d**2 - d. Determine a(4).
11
Let a(o) = -o**2 - 2*o + 2. Let r(y) = -y**2 + y. Let w(b) = -a(b) - r(b). Suppose 5 - 13 = -4*v. Give w(v).
8
Suppose 4*k - 7 - 25 = 0. Let g(i) = 2*i - 12. Calculate g(k).
4
Let t(f) = f**3 - f**2 + f. Let l(z) = 7*z**3 - 9*z**2 + z + 5. Let n(a) = -l(a) + 6*t(a). Give n(4).
-1
Let x(q) = 2*q + 8. Let z(i) = 4*i + 17. Let l(o) = 5*x(o) - 3*z(o). Let u be l(-8). Let r(k) = 3 + 7*k + k**2 + u + 0*k**2. Give r(-6).
2
Let p(r) = -10*r - 4. Let c(m) be the second derivative of 3*m + m**2 + 0 + 5/6*m**3. Let b(o) = -13*c(o) - 6*p(o). Give b(-2).
8
Let j(c) = -5*c**2 - 2*c + 1. Let k = -2 - -4. Let n be 1/2*k - -1. Suppose -3 = -5*x + n. Give j(x).
-6
Let v(m) = m - 4 - 4 - 1 + 7. Determine v(7).
5
Let w(j) = j**2 - 2*j. Suppose -11 = 4*u - z + 6*z, 11 = -u - 4*z. Calculate w(u).
-1
Let p(c) be the first derivative of -1/3*c**3 - 3 - 2*c + c**2. What is p(4)?
-10
Let h(b) = -5*b**3 + 6*b**2 - b - 13. Let j(v) = -3*v**2 + 26 - 8*v**2 + 10*v**3 + 2*v - v**3. Let z(a) = -11*h(a) - 6*j(a). Calculate z(0).
-13
Let f = 15 + -11. Let b be (-8)/14*7/(-2). Let r(h) = 2*h - 3 - 3*h + 4*h - b*h. Give r(f).
1
Let q = -9 + 17. Let c = q + -6. Suppose c = -5*f + 4*o, 0 = 3*f - 7*o + 3*o - 2. Let p(g) = -g**3 - 2*g**2 - 2*g - 3. Determine p(f).
1
Suppose v + 6 = 3*v. Suppose a = -v - 9. Let i be (a/8)/((-2)/4). Let x(t) = -t**3 + 3*t**2 + 4. Determine x(i).
4
Let w(l) = -l - 1. Let s be w(1). Let t(o) = -2*o**3 + 4*o + 3. Calculate t(s).
11
Let c(w) = -w**2 + 5*w - 5. Suppose 0*h + 54 = 4*k + 2*h, -2*h - 58 = -3*k. Let o be (-108)/(-20) + 4/(-10). Suppose o*l - k = 4. What is c(l)?
-1
Let d(s) = -s**2 + s - 1. Suppose -2*g = -j - 1, 3*j + 2*g + 21 = -14. Let t = -9 - j. Give d(t).
-1
Let p(i) = -i + 2*i - 1 - 4*i. Let s = 223 - 222. Calculate p(s).
-4
Let q = -15 - -17. Let z(d) = -d**3 + 2*d**2 - 1. Calculate z(q).
-1
Let s(z) = -z**3 - 5*z**2 + z + 2. Let j be s(-5). Let r(a) be the second derivative of a**3/3 - a**2/2 + 2*a + 1. Calculate r(j).
-7
Let h(j) be the third derivative of j**3/6 + 6*j**2. Let y(s) = 7*s. Let a(t) = h(t) - y(t). Calculate a(2).
-13
Let o(q) = 11*q - 1. Let n = -29 + 21. Let r be -1 + 2 - -4*2. Let v = r + n. Give o(v).
10
Let s(v) = 14*v**3 - 8*v**2 + 14*v + 47. Let b(u) = 5*u**3 - 3*u**2 + 5*u + 16. Let m(k) = 11*b(k) - 4*s(k). Calculate m(0).
-12
Let d = 0 + 2. Let r(q) = -q**3 + d*q**2 + 0*q + 0*q**2 + 4 - q - 6*q**2. What is r(-3)?
-2
Let q(u) = -14*u**2. Let i be (3 + -3)/(4/2). Suppose -5*p + 2*f - 13 = i, 2*f = -3*p + 4*f - 11. Determine q(p).
-14
Let s be 7/(-28)*((-2)/2 + 5). Let j(o) = -8*o**3 + o + 1. Determine j(s).
8
Let g(b) = b - 10. Let l(u) = u**3 - 5*u**2 - 5*u - 5. Let y be l(6). Let v be 3 + -3 + (-2 - y). Let h = -3 - v. Calculate g(h).
-10
Let v(j) = -3*j**2 + 3*j + 8. Let i(o) = 3*o + o**2 - 5*o**2 + 0*o + 0*o + 9. Let w(c) = 5*i(c) - 6*v(c). Let p(f) = -f**2 - 1. Let b be p(1). Give w(b).
-5
Suppose -2*o + o = 7. Let u = o + 4. Let y(d) = 4*d - 2. Let k(a) = 5*a - 2. Let t(c) = 2*k(c) - 3*y(c). Calculate t(u).
8
Let l(c) be the second derivative of 5*c**4/6 - c**3/6 + 7*c - 4. Let k = -4 + 3. What is l(k)?
11
Let g(k) = -1 + 2*k + 1 + 2. Calculate g(-2).
-2
Suppose -15 = 5*j - 2*j. Let v(s) = s**2 + 6*s + 5. What is v(j)?
0
Let w be (-3)/(-2)*24/9. Let b(c) = c**2 + 2*c**2 - c**3 - 4 + 2*c + c. Give b(w).
-8
Let p(t) = -2*t - 3 - 6 + 3 + 3*t. Let x(r) = r - 3. Let y(w) = -3*p(w) + 5*x(w). Determine y(-4).
-5
Let f(w) be the second derivative of -w**4/12 - 7*w**3/6 - 9*w**2/2 + 5*w. Calculate f(-6).
-3
Let s(n) be the third derivative of n**5/60 + 5*n**4/24 - 2*n**3/3 - 2*n**2. Suppose 0 = 4*d + 27 - 3. Determine s(d).
2
Let d = -12 - -12. Let y(q) be the second derivative of -7/12*q**4 + 0 - 2*q + 1/6*q**3 + d*q**2. Give y(1).
-6
Let p(f) be the third derivative of f**4/24 - 3*f**3/2 - f**2. Let z be 5/((36/8)/9). Suppose -c = -4*y - 2, 3*c = -4*y + 8*c - z. What is p(y)?
-9
Let r(s) be the first derivative of 5 + 0*s - s**3 + 1/2*s**4 + s**2. Calculate r(2).
8
Let n(t) = -3*t. Let o(b) = -b. Let c(z) = -n(z) - o(z). Determine c(-1).
-4
Suppose -5*y + 23 = -3*v, 2*v = -4*y - v + 13. Let o(g) = g**3 - 3*g**2 - 5*g - 3. Determine o(y).
-7
Let d = 7 + -3. Let y(x) = -x + 21. Let o(l) = -20. Let v(u) = -4*o(u) - 3*y(u). Let h(g) = -g - 6. Let c(z) = d*v(z) + 11*h(z). Determine c(0).
2
Let j(w) = w**2 + 4*w + 6. Let y = 1 + 4. Suppose 0 = -y*u - 20. Give j(u).
6
Let b = -3 + 6. Let x(g) = -1 - 3 + 3*g - 5*g + 5 - 5*g**b. Determine x(1).
-6
Let j(k) = -4*k**3 + 2*k**2 + k. Let m be j(-1). Suppose 0 = 3*y - m*y - 8. Let r(v) be the second derivative of v**3/3 + 3*v**2 - v. What is r(y)?
-2
Let l be (-40)/18 + (-2)/(-9). Suppose 0 = g + t + 2, g + 3*t = 4*t + 8. Let p(z) = z - 3. Let a(k) = -3. Let q(s) = g*a(s) - 2*p(s). Calculate q(l).
1
Let j(m) = -m**3 - 6*m**2 - 5*m + 4. Let l(g) = g - 2. Let f be l(5). Let i be (-3)/2*(-4)/f. Suppose i*d = 6, 2*w + 2*d + 10 = -2*w. Give j(w).
-8
Let r(v) = v**3 + 7*v**2 + 6*v - 6. Let b be 9/(-12) + 63/(-12). Let a be r(b). Let l be (1/(-2))/(1/a). Let o(p) = p - 7. What is o(l)?
-4
Let k(t) = t**3 + 4*t**2 + 4*t + 2. Let l(n) = n - 8. Let s be l(6). What is k(s)?
2
Suppose 114 = 5*o + 34. Suppose 4 = 5*h - o. Let d(v) = -3 + 2*v + v**2 + 2 - h*v. Determine d(3).
2
Let s = -6 - -8. Let n(w) = -2*w + 4 - 3*w**2 + 0*w**2 - 1. Let t(p) = -4*p**2 - 2*p + 3. Let k(z) = s*t(z) - 3*n(z). Calculate k(-3).
0
Let h be (8/(-6))/((-10)/15). Let i(b) = b**2 - 2*b + 1. Let z be i(h). Let d(a) = -3*a - 1. What is d(z)?
-4
Let s be (6/9)/(-2)*0. Let m be (-6)/(-2 - s) - 6. Let f(q) = -q**2 - 5*q - 4. Calculate f(m).
2
Suppose 0 = -p - w - 5 - 0, 2*p - 2*w + 6 = 0. Let y be p/(-10) + 6/10. Let d(q) = 0 - q - y + 2 + 2*q**2. 